 and o?
10
Suppose 2*p + 52 = -92. Let y be ((-8)/(-6))/((-2)/p). Suppose -2*i - 72 = -104. What is the highest common factor of y and i?
16
Let v(p) = 2*p**3 + p**2 - 1. Let g be v(1). Suppose -g*a + 7*a - 180 = -2*c, -5*c = 0. What is the greatest common factor of a and 12?
12
Suppose 0 = -5*t + 162 + 93. Suppose 5*v = -t + 131. Calculate the highest common divisor of 24 and v.
8
Let f = 8 + 12. Calculate the greatest common divisor of 4 and f.
4
Suppose -3*g = -0*g - 18. Suppose 28 = 2*i - 2*v, g*i = i + 2*v + 76. Suppose 0 = -7*r + 4*r + 6. Calculate the greatest common factor of i and r.
2
Let h be ((-3)/(-6))/(2/120). Calculate the greatest common divisor of 6 and h.
6
Suppose 0*x - 99 = -3*x. Suppose 0 = -j - 0*j + x. What is the greatest common factor of 11 and j?
11
Let x = 118 - 73. Suppose -2*p - p - 2*i = -58, -2*i = -5*p + 86. What is the highest common divisor of x and p?
9
Suppose -5*x = 4*s + 1, 7 + 3 = 5*s - 5*x. Let z be (s - 3) + 1 + 5. What is the greatest common divisor of z and 36?
4
Suppose 3*o = 3*i - 0*i + 18, -2*i - 4*o = 6. Let s(u) = u**2 + 2*u - 4. Let b be s(i). Calculate the greatest common factor of 33 and b.
11
Suppose 2*l = 2*p - 3*p - 47, 3*p - 3*l = -150. Let u be 2/(2 + -4) - p. Let y be 1*2/((-282)/96 + 3). What is the greatest common factor of y and u?
16
Suppose 4*f - 2*f = 48. Let a = 43 - f. Let c be 4/(-14) - (-802)/14. What is the greatest common factor of c and a?
19
Let m(p) = -p**2 - 9*p + 6. Let d be m(-7). Let g(b) = -b**3 - 6*b**2 + 4*b + 4. Let u be g(-8). What is the highest common divisor of d and u?
20
Suppose 0 = -2*v + 5*v - 9. Let k be 10/(-30)*v*-11. What is the greatest common divisor of 77 and k?
11
Suppose 16 = 5*s + 6. Suppose -4*h = -3*h - 22. Calculate the highest common factor of h and s.
2
Suppose 53 - 278 = -5*q. What is the highest common factor of q and 18?
9
Let n = 12 + -5. Let i = 57 + 20. Calculate the greatest common divisor of n and i.
7
Let h be ((-110)/(-15))/((-6)/(-9) - 0). What is the greatest common divisor of h and 99?
11
Suppose -10*g + 13*g = 36. Calculate the greatest common divisor of g and 96.
12
Suppose 0 = -9*s + 6*s + 225. What is the greatest common divisor of s and 15?
15
Let g = 87 - -39. What is the highest common divisor of 14 and g?
14
Let m = -31 + 41. Let p be (10/(-6))/(1/(-6)). Suppose g - p = -g. What is the highest common factor of m and g?
5
Suppose 22 = -l + 4*j, -3 = l - 5*j + 24. Let f be -1 - l - (-30 - 1). What is the greatest common divisor of 8 and f?
8
Suppose -3*b - 3*r + 4*r = -33, -4*r - 2 = b. What is the greatest common divisor of b and 10?
10
Suppose 10 = 2*g - q, -8*q + 26 = 2*g - 13*q. Calculate the highest common factor of g and 12.
3
Let c(h) = -39*h. Let v be c(-1). Suppose 0*b + 2*b - 52 = 0. What is the highest common factor of b and v?
13
Let h(v) = v**3 - 3*v**2 - v + 2. Let g be h(-2). Let j = 4 + g. Let n be -2 - (3 + -1 + j). Calculate the greatest common divisor of n and 40.
8
Suppose -5*z + 10 = -2*n, -n - 5*z + 5 = -20. Calculate the highest common divisor of n and 5.
5
Suppose 2*y = -3*y + 15. Let b(w) = w + 1. Let i be b(-1). Suppose -x - 3*d = -i*d - 12, 66 = 3*x - d. What is the greatest common divisor of y and x?
3
Let u = -22 - -77. Suppose 5*o + 324 = -1036. Let t be (-4)/6 + o/(-12). What is the greatest common factor of u and t?
11
Let h = 158 - 148. Calculate the greatest common divisor of h and 130.
10
Suppose 5*u - 96 + 21 = 0. Calculate the highest common factor of u and 3.
3
Let p(k) = -k**3 + k**2 - 15. Let v be p(0). Let a be (-190)/v*(-6)/(-4). Let o = 34 - a. Calculate the greatest common divisor of 15 and o.
15
Let l be (-2*(-2)/(-2))/(-1). Let i(r) = r**3 + r**2 - 4*r + 3. Let b be i(l). Let c = 12 + -5. Calculate the highest common factor of b and c.
7
Suppose 4*t - 49 = -l, 2*l = -5*t + 4*t + 21. What is the greatest common factor of 55 and t?
11
Let m = -9 - -14. Suppose m = p - 40. What is the greatest common divisor of 30 and p?
15
Suppose -n - 62 = -2*z - 3*n, z - 7 = 5*n. Calculate the greatest common factor of z and 3.
3
Suppose -4*r + 3*r = 24. Let i = -10 - r. What is the highest common divisor of 7 and i?
7
Let r be (2/(-2))/(-1) + 10. Suppose 0 = -4*p - 12 + 28. Suppose 0 = 4*a + p, 2*v + 106 = 4*v + 4*a. What is the greatest common divisor of r and v?
11
Suppose -3*o = -4*j - 28, -66 = -5*o - 3*j - 0*j. Calculate the greatest common factor of 2 and o.
2
Let l(a) = -2*a - 4. Suppose 2*v = 10 + 6. Let r(p) = -p**3 + 8*p**2 - p + 4. Let n be r(v). Let d be l(n). Calculate the greatest common divisor of 1 and d.
1
Let l(o) = 2*o - 6. Let b be l(4). Suppose b = -3*i + 23. Suppose -61 = -2*m - v, 0*v + v = -4*m + 117. Calculate the highest common factor of i and m.
7
Let d(f) = -f**2 + 10*f + 6. Let z be d(10). Calculate the highest common factor of z and 48.
6
Let x be 3/(-9) + (-14)/(-6). Suppose -i + 5 = -x. Calculate the highest common divisor of 28 and i.
7
Let q = -9 + 13. Let u be 103/3 - q/12. Let r(n) = 86*n**3 - n**2. Let g be r(1). What is the highest common factor of g and u?
17
Let z be 15/45 - 16/(-6). Suppose -p - z*x + 31 = 0, 5*x - 131 = -5*p + 2*x. Calculate the highest common factor of p and 10.
5
Let r = 96 - 44. Let k be -3 + r + (0 - 2). Suppose 2 = -s, -3*w + 5*s + k = 10. What is the highest common factor of w and 3?
3
Let w(y) = 153*y**3 + y - 1. Let g be w(1). Suppose -4*a + 107 = -g. What is the greatest common factor of a and 26?
13
Suppose 3 = 2*c - v - 4, v + 13 = 4*c. Suppose -2*f + 31 = m - 47, c*f = -3*m + 114. Calculate the highest common divisor of f and 5.
5
Suppose 155 = 4*u - 101. Calculate the highest common divisor of 8 and u.
8
Suppose -10 = 5*z, -3*p - 3*z + 139 = 25. Calculate the highest common divisor of p and 280.
40
Suppose 60 = 3*k - 0*k. Suppose 0 = 4*s + k, -2*s = 2*p - p + 2. What is the highest common divisor of p and 88?
8
Let q = 281 - 193. What is the highest common factor of q and 8?
8
Suppose -16*z = -19*z + 357. What is the greatest common divisor of z and 7?
7
Suppose k = 4*k - 9. Suppose -i = k*i - 32. Let s = -220 - -308. Calculate the greatest common factor of s and i.
8
Let c be 95/2 + (-18)/(-36). What is the greatest common factor of 6 and c?
6
Let l = -75 + 87. What is the greatest common factor of 18 and l?
6
Let a(x) = -11*x**2. Let z be a(2). Let t = z + 69. Calculate the greatest common divisor of 5 and t.
5
Let z(u) = -u**2 + u + 2. Let j be z(2). Suppose j = r - 2*r + 28. What is the greatest common divisor of r and 4?
4
Suppose r - 6*r = -b + 572, 2*r + 232 = 2*b. Let l = r - -202. Let v = 10 + -2. Calculate the highest common divisor of v and l.
8
Let m be (3 + 37)/5 + 4. Let a(o) = -18*o. Let g be a(-6). Calculate the greatest common factor of m and g.
12
Let r = 86 + -81. Calculate the greatest common factor of 35 and r.
5
Suppose 0*u + 716 = -2*u. Let s = 611 + u. Suppose -3*v - 2*o + 65 = 0, 0*o - 4 = 2*o. Calculate the greatest common divisor of s and v.
23
Suppose -3*m + 5*p + 172 = 0, -4*p = -2*m - 0*p + 118. Suppose -3*j = -m - 41. What is the greatest common factor of 75 and j?
15
Let r(k) = 2*k**2 - 5*k - 1. Let p be r(6). Let z be (-2)/8 - p/(-4). What is the highest common factor of 50 and z?
10
Let r be (-30)/(-4) + (-1)/(-2). Let q be (-104)/(-18) + (-2)/(-9). Suppose -2*c + 49 = 3*u, c + 94 = q*c - 2*u. What is the greatest common divisor of r and c?
4
Let g(s) = 2 - 2*s + 3*s**2 - 2. Let m be g(-2). Let k = m + 3. Calculate the greatest common factor of 95 and k.
19
Let m(f) = f**2 - 8*f + 8. Let q = 28 + -21. Let x be m(q). Calculate the greatest common factor of x and 4.
1
Let v(p) be the third derivative of -p**6/40 - p**5/20 - p**4/6 - 2*p**3/3 + p**2. Let s be v(-2). Calculate the highest common factor of s and 16.
16
Suppose -n = -4*h + h + 33, -8 = -2*h - 4*n. Let r(x) = -3*x - 1. Let t be r(-1). Calculate the highest common divisor of h and t.
2
Let n(t) = t**2 - 10*t + 10. Let h be n(10). Let k be h/(2/((-2)/(-1))). Let p be (-3 - -1) + 23*4. Calculate the greatest common factor of p and k.
10
Let x be (-104)/(-6) + (-4)/(-6). Suppose 0 = -4*b + 7 + 5. Suppose b*s - 4*v - 15 = 46, v - 5 = 0. Calculate the greatest common divisor of x and s.
9
Let v = -4 - -12. Let r = v + 0. What is th